- 8*f**2 + 2. Let h be j(8). Suppose 4*o - 2*t - 58 = 0, -7*o + 3*o - h*t = -78. What is the remainder when 58 is divided by o?
7
Suppose 18*s - 2208 = -30*s. What is the remainder when 213 is divided by s?
29
Suppose -9*o - 1147 = -1219. What is the remainder when 100 is divided by o?
4
Suppose 0 = 3*x - 23 - 4. Let o be (0 + 2)*(1 + 0). Suppose -4*d - 60 + 8 = -o*q, 4*d - 16 = 0. Calculate the remainder when q is divided by x.
7
Let j(f) = -f**3 + 12*f**2 + 18*f - 99. Calculate the remainder when j(12) is divided by 60.
57
Let g = -94 - -51. Let a = g + 72. What is the remainder when a is divided by 6?
5
Let d(s) = -s**2 - 22*s - 20. Calculate the remainder when d(-11) is divided by 8.
5
Suppose 0 = -v + 35 + 17. Let w = v + -39. Calculate the remainder when 36 is divided by w.
10
Suppose -1029 = -2*a + 215. Calculate the remainder when a is divided by 13.
11
Let m = -34 + 64. Calculate the remainder when m is divided by (0 + -22)/(22/(-11)).
8
Suppose 2*i - 141 = -427. Let t = 154 + i. Calculate the remainder when 64 is divided by t.
9
Let h(q) = -11*q**2 + 8*q + 10. Let n(u) = -4*u**2 + 3*u + 3. Let d(v) = 3*h(v) - 8*n(v). What is the remainder when 28 is divided by d(0)?
4
Let y(h) = -h + 10. Suppose 2*u + 3*j = -23, -j = -u - 3*u - 25. Calculate the remainder when y(u) is divided by 6.
5
Suppose 0 = 14*n - 759 + 297. Calculate the remainder when 121 is divided by n.
22
Let t(w) = 18*w**2 - 8*w - 19. Calculate the remainder when t(-2) is divided by 13.
4
Suppose -3*f - 65 = -242. Suppose -45*x + 61*x = 30 + 210. What is the remainder when f is divided by x?
14
Suppose -6*h + 19 = -5. Suppose -c - 2*p = -5*p - 21, 0 = 3*c - h*p - 38. Calculate the remainder when 21 is divided by c.
3
What is the remainder when ((-132)/15)/(10/(-25)) is divided by 7?
1
Let t(u) = -11*u - 175. Suppose -3*l - l = 2*g - 6, -5*g = l + 12. Calculate the remainder when t(-18) is divided by (-16)/3*g/2.
7
Let g(b) = b - 3. Let k = -18 - -29. What is the remainder when g(k) is divided by 2?
0
Let i(c) = -c**2 - 12*c + 66. Let h = 11 - 26. What is the remainder when 161/2 - (-1)/2 is divided by i(h)?
18
Let n(f) = 83*f**2 + 3*f + 2. Let a be n(-1). Suppose 3*w + a = 5*t - 3*t, -2*w + 167 = 5*t. What is the remainder when t is divided by 18?
17
Suppose 2*z = -0*z. Suppose 4*k + z*k - 208 = 0. Suppose 0 = -i - 3*q, -264*i = -268*i + 5*q + 153. What is the remainder when k is divided by i?
25
Let x(b) be the second derivative of -b**5/20 - 7*b**4/6 - b**3/3 + 7*b**2/2 + 17*b. Calculate the remainder when 66 is divided by x(-14).
31
Let m(a) = 2*a**2 - 24*a + 10. What is the remainder when m(-6) is divided by 74?
4
Suppose -43*g + 308 = -466. Let h be 0/3 + -1 + 129. Suppose 2*n - 10 = h. What is the remainder when n is divided by g?
15
Let j = -459 - -486. Calculate the remainder when 51 is divided by j.
24
Let k = 297 + -280. Calculate the remainder when 131 is divided by k.
12
Let t(l) = -2*l - 4. Let m be t(4). Calculate the remainder when ((-75)/(-20) + 0)/((-1)/m) is divided by 0/1 + 19 + 5.
21
Suppose 12*m - 852 = -0*m. What is the remainder when m is divided by 15?
11
Let i(p) = -2*p + 3*p + 0*p + 3*p. What is the remainder when i(2) is divided by -1*(-7 - -12)/(-1)?
3
Suppose -2*o + 3*g + 762 = 0, 58*g - 62*g + 392 = o. Calculate the remainder when o is divided by 11.
10
Let h(s) = 32*s - 1. Let a = 4 - 3. Calculate the remainder when h(a) is divided by 13 + -15*(-7)/35.
15
Let k(v) = v**2 + v - 5. Let n be k(4). Suppose 4*p + p - n = 0. What is the remainder when p is divided by 1?
0
Suppose -14 = -5*o - 14*p + 12*p, -3*o + 3*p + 21 = 0. Let b be 2/7 + (-1000)/(-28). Suppose -5*u = 6 - b. Calculate the remainder when u is divided by o.
2
Let l(t) = 49*t - 60. What is the remainder when 49 is divided by l(2)?
11
Let h = 1 + 1. Suppose h*s = 4*s - 16. Calculate the remainder when s is divided by ((-15)/(-12))/(1/4).
3
Let j = -62 + 120. Suppose 0 = -3*q + 60. Calculate the remainder when j is divided by q.
18
Let g be (-2)/13 - 82/(-26). Suppose -m = -3 - 3. Suppose -g*h + m*h = 183. Calculate the remainder when h is divided by 32.
29
Let f be 5 - 3/((-9)/(-6)). Let j(l) = 42*l + 4 - 22*l + 3*l**2 - 21*l + 0. Calculate the remainder when 54 is divided by j(f).
26
Suppose 0 = 9*x - 1905 - 1884. Calculate the remainder when x is divided by 110.
91
Let p = 20 + -17. Suppose -a + 35 = 5*y, p*a - 5 = -3*y + 4. Calculate the remainder when y is divided by 6.
2
Let d be 5 - 1 - -3*4. Suppose -v + 54 = -d. Calculate the remainder when v is divided by 18.
16
Suppose -10*y + 11*y = 89. Suppose -3*h = 35 - y. Suppose -3*v + 2 + 154 = 0. What is the remainder when v is divided by h?
16
Suppose -v = -3*r + 3377 + 5867, 3*v = 4*r - 12332. Calculate the remainder when r is divided by 67.
65
Suppose -g = -z - 44, -g - z = -5*z - 35. Let m = -36 + g. What is the remainder when 31 is divided by m?
9
Suppose 0 = -4*x - 8 + 4. Calculate the remainder when (0 + x + 2)*23 is divided by 8.
7
Let f(c) = 15*c**2 + 5*c + 6. Suppose 0*s + 5*z = 4*s - 95, 4*s + 4*z = 68. Let i = s - 23. Calculate the remainder when f(i) is divided by 43.
40
Suppose 3*d + 148 = 49. Calculate the remainder when -1 + 1 + 6/3 - d is divided by 19.
16
What is the remainder when (-36)/(-30)*(-200)/(-16) is divided by 10?
5
Let f(p) be the second derivative of p**5/20 + 5*p**4/6 + 3*p**3/2 + 15*p**2/2 - 9*p. What is the remainder when 42 is divided by f(-9)?
12
Suppose -l + k = -54, -l + 5 = -3*k - 59. Calculate the remainder when l is divided by 26.
23
What is the remainder when -5*7/(-35)*86 is divided by 11?
9
Calculate the remainder when 167 - ((-7)/(4 - 11) - 7) is divided by 35.
33
Let q(m) = -3*m**3 + 23*m**2 - 7*m + 150. Calculate the remainder when 38 is divided by q(8).
8
Let y be 1 + -1 + (4 - 1). Suppose 7 = y*t - 89. Let k(u) = -u**3 + u**2 + 39*u - 6. Calculate the remainder when t is divided by k(-6).
8
Let s(v) be the third derivative of -v**5/60 + v**4/3 - v**3 + 5*v**2. What is the remainder when s(7) is divided by 1?
0
Let u = -14 - -14. Suppose u = x - 5*x + 16. Suppose 4*p - 32 + 12 = 0. What is the remainder when p is divided by x?
1
Let w(g) = 5*g + 2. Let y(v) = 21*v**2 - v - 3. Let f be y(-3). Suppose 4*x = -5*j + f, j + 15 = 4*j. What is the remainder when x is divided by w(4)?
19
Let q(p) = 2*p**3 + 27*p**2 + 33*p + 3. What is the remainder when 154 is divided by q(-12)?
37
Let u be (-2)/(-5) - 48/(-30). Suppose o - 345 = -u*o. Suppose -m - 2 = -7, 5*z - o = -3*m. Calculate the remainder when z is divided by 7.
6
Let g be 1045/45 + (-4)/18 + 2. Let k = g + 25. Calculate the remainder when k is divided by 11.
6
Let u(o) = -4*o - 1. Let n be u(-1). Suppose 2*m + m - n*p = 111, -5*m + 189 = -p. Let i(r) = -r + 3. Calculate the remainder when m is divided by i(-7).
8
Let r be -10*(2 + 36/(-10)). Let k be r*((-92)/(-16) - 3). Suppose -11*l + k = -7*l. Calculate the remainder when l is divided by 3.
2
Suppose 0 = -q + 3 - 2. Let m = -318 + 319. What is the remainder when 58 is divided by (-1 - -13)*q*m?
10
Let x = -14 + -15. Let w = x + 32. Suppose -3*q - o = -21, 5*q + 5*o = 2*q + 33. Calculate the remainder when q is divided by w.
0
Calculate the remainder when 109 is divided by 10/(-15)*3 + 7.
4
Suppose 30*z = 34*z - 376. Calculate the remainder when z is divided by 8.
6
Let k be (-45)/(-2)*(-90)/(-25). Suppose 3*i = k + 66. Suppose -2*o = o - 75. What is the remainder when i is divided by o?
24
Suppose 2*a + 1 = -2*m + 3, 5*m + 35 = 5*a. Suppose -4*c - 190 + 54 = -a*y, -3*c = -6. What is the remainder when 179 is divided by y?
35
Suppose 11*o - 105 = 8*o. Calculate the remainder when 2*(o/(-20))/((-3)/42) is divided by 14.
7
Let u be (-1 + (0 - 0))*-3. Let s(i) = -u + 12 + 5*i - 10. What is the remainder when 113 is divided by s(6)?
26
Suppose 3*o = -0*o + 1113. Suppose -15*m + 3101 = o. What is the remainder when m is divided by 37?
34
Let x = 6 - 2. Calculate the remainder when ((-4)/7)/((-56)/2156) is divided by x.
2
Suppose -s + 5 = 4*s. Let k = 1 + s. Suppose 164 = 4*n - k*o, 4*o = -2*n - n + 112. Calculate the remainder when n is divided by 14.
12
Let d = -62 - -188. What is the remainder when d is divided by 26?
22
Let s(i) = -i**2 + 7*i - 2. Let n(t) = t**2 - 8*t + 2. Let u(o